ainder when -17*(-3)/w*2 is divided by 10?
7
Suppose 4*x + 53 = -139. Let u = 8 - 10. What is the remainder when 34 is divided by ((-1)/u)/((-2)/x)?
10
Calculate the remainder when ((-76)/(-6) - -1)/((-9)/(-81)) is divided by 18.
15
Suppose 6*l - 4*x = 3*l + 37, -2*l + 2*x = -22. Calculate the remainder when 1 + 0 + 24 - -2 is divided by l.
6
Suppose -4*f - b = 39, -3*f - 3*b = -2*b + 30. What is the remainder when 9 is divided by f/(-2) - 5/(-10)?
4
Suppose -26*p = -27*p + 43. What is the remainder when 170 is divided by p?
41
Let h = -2 + 3. Suppose 0 = 4*a - 3 - 29. Let s(c) = -c**3 + 7*c**2 + 9*c - 7. Calculate the remainder when s(a) is divided by h.
0
Let m(r) = 2*r**2 + 7*r - 9. Suppose -2*t = -o - 25, 3*o - 4 - 5 = 0. Calculate the remainder when m(-7) is divided by t.
12
Let p(s) = s**3 - 6*s**2 - 4. Let a be p(6). Let k = -3 - a. Let j(r) = r**2 - 5*r + 1. What is the remainder when j(5) is divided by k?
0
Let s(v) = -v - 7. Let g be s(-10). Calculate the remainder when 67 is divided by (-46)/8*(-1 - g).
21
Let t = -31 + 41. Calculate the remainder when 38 is divided by t.
8
Suppose 26 = 4*i - 2*f, -5*f + 2 = i - 4*f. Suppose -5*u + 10 = -i*z - 5, -u = -4*z. Calculate the remainder when 11 is divided by u.
3
Let v = 10 - 6. Suppose -r + 14 = -v. Suppose 5*i - 70 = -2*c - 0*i, -2*i = 5*c - 175. Calculate the remainder when c is divided by r.
17
Let d(b) = -13*b**2 + 2*b + 1. Let g be d(-1). Let i(y) = -3*y + 16. Calculate the remainder when i(g) is divided by 15.
13
Let r(m) be the first derivative of -10*m**2 - 6*m - 3. Let k be r(-6). Let f = k - 79. Calculate the remainder when f is divided by 18.
17
Let j(g) = g**3 + 7*g**2 - 12*g - 9. Calculate the remainder when j(-8) is divided by 9.
5
Let h = -31 - -15. Let r = 9 - h. Let y(d) = d + 9. Calculate the remainder when r is divided by y(0).
7
Let a(g) = -2*g**2 - 7*g - 9*g**3 + 1 + 7*g. Suppose 4*k - 11 = -2*c - 1, 0 = -5*c + 2*k + 25. What is the remainder when a(-1) is divided by c?
3
Let s = -2 + 3. Let o(v) = -5*v - 1. Let z be o(s). Let a = 2 - z. What is the remainder when a is divided by 5?
3
Let p be 186/(-4) - 6/(-12). Let s = -18 - p. What is the remainder when s is divided by 10?
8
Let h(o) = o - 4. Calculate the remainder when 27 is divided by h(14).
7
Let b = -3 + 2. Let q = 0 + 2. Calculate the remainder when 25 is divided by ((-10 - b)*-2)/q.
7
Suppose -4*p = -0*p - 40. Let f(y) = 4*y**3 + 2*y**2 + 2*y + 1. Let b be f(-1). Let n = 25 - b. What is the remainder when n is divided by p?
8
Let a = -6 + 8. Suppose j = 5*j - a*q - 112, 5*j - 3*q - 140 = 0. Let d = -8 + j. What is the remainder when 38 is divided by d?
18
Let a(m) = m**2 - 2*m + 4. Calculate the remainder when (36/1)/3*1 is divided by a(3).
5
What is the remainder when (15/(-9) + 1)*336/(-2) is divided by 38?
36
Let w be 37/(-4) - (-2)/8. Let r = 12 + w. Calculate the remainder when r is divided by 2.
1
Let a = 16 + -7. Let o(v) = 3*v - 4. Let c(z) = -6*z**3 + z**2 - z - 1. Let w be c(-1). What is the remainder when o(w) is divided by a?
8
What is the remainder when 35 is divided by -1*((-38)/2 - 0)?
16
Suppose 3*o - 8*o + 100 = 0. Suppose 2*h - 3*h + 58 = 0. Calculate the remainder when h is divided by o.
18
Let n be (-3 - 20/(-4)) + 66. Let f = -37 + n. What is the remainder when f is divided by 228/14 + 4/(-14)?
15
Let t be 4/((-22)/(-8) + -3). Let n = -1 - t. What is the remainder when 43 is divided by n?
13
What is the remainder when (-65 + 3 + -2)*-1 is divided by 17?
13
Let d(v) = -v**2 + v. Let a be d(0). Suppose -3*g + 7 + 2 = a. Let p = -2 + 4. Calculate the remainder when g is divided by p.
1
Let l = 1 - 1. Suppose 2*u + 3*f - 5 - 83 = l, -176 = -4*u + f. What is the remainder when (-2)/11 + 1020/u is divided by 8?
7
Let o(w) = -w**3 + 7*w**2 - 3*w + 14. Calculate the remainder when o(5) is divided by 25.
24
Suppose -4*s - 3*n + 84 - 21 = 0, -2*s = 3*n - 39. What is the remainder when 21 is divided by s?
9
Suppose -4*h = h - 75. Calculate the remainder when 42 is divided by h.
12
Calculate the remainder when 34 is divided by (3 - 3 - 3) + 15.
10
Suppose 0*v - 5*w + 204 = 3*v, 2*v + 2*w = 140. What is the remainder when v is divided by 19?
16
Suppose 17 = m - 3. Suppose -3*d + 118 = -m. What is the remainder when d is divided by 16?
14
Suppose -28 = -5*t - 2*p, 2*t + 0*p - 16 = 4*p. Calculate the remainder when 26 is divided by t.
2
What is the remainder when 11 is divided by 6 + -3 + 4 + -3?
3
Calculate the remainder when 19 is divided by (60/(-16))/(9/(-24)).
9
Suppose -11*t + 4*t = -175. Let m(v) = -v**3 - 3*v**2 - 2*v + 1. What is the remainder when t is divided by m(-3)?
4
Suppose 0 = -4*i + 5*i + 2*f - 33, 2*f - 8 = 0. What is the remainder when 99 is divided by i?
24
Let w be 1 + -84 + (1 - 2). Let n(q) = -3*q**3 - 5*q**2 - 7*q - 1. Let p be n(-4). Let y = w + p. Calculate the remainder when y is divided by 19.
17
Let s = -1 + -1. Let h = 2 + s. Suppose 0 = 5*n - k - 38, 40 = -h*n + 4*n + 4*k. Calculate the remainder when n is divided by 5.
3
Let z(d) = 3*d**2 - 4*d + 3. Let l be z(2). Suppose 0 = 3*s + f + 18, 5*s - 4*f = -f - 16. Let i = l + s. Calculate the remainder when i is divided by 2.
0
Let b = -18 + 84. Suppose -38 = -4*c + b. Suppose 0*t - c = -t. What is the remainder when t is divided by 9?
8
Suppose -31 = -5*p + 239. Let l = -10 + 24. What is the remainder when p is divided by l?
12
Let r = 3 + -1. Suppose 0 = -r*q + 4*a - 6, 0 = 2*q - 5*a + 3*a - 2. What is the remainder when q is divided by 2?
1
Let b(w) = 12*w**2 - w. What is the remainder when 17 is divided by b(1)?
6
Let z = -15 + 28. Let w(s) = 5*s - 1. Let x(f) = -9*f + 1. Let d(p) = -11*w(p) - 6*x(p). Calculate the remainder when z is divided by d(0).
3
Let d = -3 + 3. Suppose 2*x + 4 + d = 0. Calculate the remainder when 70 is divided by (-1)/x - (-47)/2.
22
Let f(p) = p**3 - 8*p**2 - 11*p + 22. Suppose 4*x - 15 = -x. What is the remainder when f(9) is divided by x?
1
Suppose -3*n = 3*q - 42, 5*q = 4*n + 17 + 35. Let j = q - 7. Suppose -5*y = -j*r + 55, 32 = 4*r + 4*y - 52. Calculate the remainder when 31 is divided by r.
15
Suppose 18 + 12 = 3*b. Calculate the remainder when 29 is divided by b.
9
Let u be -1 + 23 + (-7)/((-7)/(-2)). Let f = 8 + 6. Let b = u - f. Calculate the remainder when 17 is divided by b.
5
Suppose 119*p = 121*p - 26. Suppose 3*l + 212 = 4*x, 3*x - 4*l = -0*x + 166. Calculate the remainder when x is divided by p.
11
Suppose -48 = -3*y + m, 5*y - 67 = -2*m + 24. What is the remainder when 32 is divided by y?
15
Let c(k) = -3 + 37*k - 28*k + 6 + k**2. Calculate the remainder when c(-10) is divided by (-23)/(-5) - 6/(-15).
3
Suppose -5*g + g + 56 = 0. Let l(m) = m**3 + 6*m**2 - 7*m + 8. What is the remainder when g is divided by l(-7)?
6
Let q(u) = u**2 - 4. Let c be q(3). Suppose c + 6 = y. What is the remainder when 32 is divided by y?
10
Suppose 3*m = -m + 72. Calculate the remainder when 52 is divided by m.
16
Let l(g) = g**2 + g + 1. Calculate the remainder when 23 is divided by l(-4).
10
Let z(i) = i + 18. What is the remainder when 23 - ((-3)/(-3) - 1) is divided by z(-10)?
7
Let r = 144 + -62. What is the remainder when r is divided by 21?
19
Calculate the remainder when (3 + -2 + -4)*(-51)/9 is divided by 6.
5
Let r be 3/9 + (-16)/(-6). Suppose x = -r*x. Suppose 2*v + x*h = -2*h + 60, -4*h = 3*v - 86. What is the remainder when v is divided by 12?
10
Suppose 0*z - z + 4*u = -5, -3*z + 15 = -4*u. Suppose -3*p + b + 52 = 0, z*p + 2*b - 82 = -10. What is the remainder when 47 is divided by p?
15
Let t(i) = -i**3 + 8*i**2 - 5*i - 1. What is the remainder when 5/((-5)/3) + 53 is divided by t(7)?
11
Let b = -86 - 72. Calculate the remainder when 4/(-14) - b/14 is divided by 4.
3
Let d = -2 - -26. Let l(g) = 13*g**3 + d - 24. What is the remainder when l(1) is divided by 8?
5
Suppose 0*u = 5*g - 3*u - 55, -3*g - 5*u + 33 = 0. What is the remainder when 19 is divided by g?
8
Suppose -4*l + l = -24. Calculate the remainder when l is divided by 2.
0
Suppose 5*s = -q + 14, q + 4*s = -0 + 12. Suppose -8*n + 20 = -q*n. Calculate the remainder when n is divided by 4.
1
Suppose -19 = 28*n - 29*n. Calculate the remainder when 29 is divided by n.
10
Suppose -38*m = -7*m - 527. What is the remainder wh